8?
True
Does 19 divide 665?
True
Is 19 a factor of 5852?
True
Is 189 a multiple of 4?
False
Does 28 divide 3752?
True
Is 1768 a multiple of 59?
False
Is 98 a factor of 50362?
False
Does 27 divide 589?
False
Is 992 a multiple of 67?
False
Is 43536 a multiple of 4?
True
Does 14 divide 14389?
False
Does 16 divide 1088?
True
Is 91 a factor of 3096?
False
Does 40 divide 520?
True
Is 8758 a multiple of 29?
True
Is 1006 a multiple of 80?
False
Does 8 divide 1152?
True
Is 1651 a multiple of 18?
False
Is 23 a factor of 2372?
False
Is 66 a factor of 711?
False
Is 42 a factor of 18396?
True
Does 221 divide 62322?
True
Is 53690 a multiple of 14?
True
Is 59 a multiple of 20?
False
Is 68 a factor of 9708?
False
Is 140 a multiple of 5?
True
Does 24 divide 2472?
True
Is 121 a factor of 5808?
True
Is 6 a factor of 18010?
False
Is 10 a factor of 1340?
True
Is 991 a multiple of 28?
False
Is 4 a factor of 273?
False
Does 17 divide 51993?
False
Does 16 divide 1498?
False
Does 12 divide 25386?
False
Is 2230 a multiple of 23?
False
Does 66 divide 2640?
True
Is 7 a factor of 140?
True
Is 6 a factor of 516?
True
Does 50 divide 1250?
True
Is 15038 a multiple of 103?
True
Does 157 divide 9715?
False
Does 52 divide 40220?
False
Is 22128 a multiple of 12?
True
Is 30870 a multiple of 10?
True
Is 28 a factor of 3052?
True
Is 89192 a multiple of 406?
False
Does 12 divide 320?
False
Is 68 a factor of 14552?
True
Is 390 a multiple of 195?
True
Is 22 a factor of 32120?
True
Is 10 a factor of 80?
True
Is 3028 a multiple of 30?
False
Is 22751 a multiple of 6?
False
Is 11 a factor of 1892?
True
Is 4 a factor of 1512?
True
Does 63 divide 5635?
False
Is 3231 a multiple of 55?
False
Is 65160 a multiple of 65?
False
Does 42 divide 80613?
False
Does 46 divide 9381?
False
Is 1500 a multiple of 54?
False
Is 245 a factor of 14923?
False
Is 887 a multiple of 21?
False
Does 10 divide 1303?
False
Is 53433 a multiple of 192?
False
Is 4255 a multiple of 23?
True
Is 60456 a multiple of 12?
True
Is 16605 a multiple of 17?
False
Is 3774 a multiple of 26?
False
Is 63 a factor of 1764?
True
Is 981 even?
False
Does 9 divide 23139?
True
Is 621 a multiple of 9?
True
Is 5 a factor of 1202?
False
Is 4092 a multiple of 42?
False
Is 31 a factor of 2604?
True
Does 15 divide 2775?
True
Is 604 a multiple of 15?
False
Does 38 divide 16758?
True
Is 1214 a multiple of 24?
False
Does 85 divide 205?
False
Is 3472 a multiple of 8?
True
Does 8 divide 37?
False
Is 11990 a multiple of 22?
True
Is 972 a multiple of 12?
True
Is 10 a factor of 252?
False
Is 533 a multiple of 13?
True
Does 5 divide 8429?
False
Is 63 a multiple of 5?
False
Does 6 divide 916?
False
Does 26 divide 25907?
False
Does 76 divide 19380?
True
Is 9 a factor of 7851?
False
Is 10 a factor of 1720?
True
Is 105 a factor of 508?
False
Does 6 divide 3134?
False
Does 5 divide 26097?
False
Is 25 a factor of 40567?
False
Is 5 a factor of 380?
True
Is 113484 a multiple of 42?
True
Does 34 divide 1462?
True
Is 27472 a multiple of 17?
True
Is 1017 a multiple of 3?
True
Does 14 divide 868?
True
Is 21 a factor of 45108?
True
Does 3 divide 357?
True
Is 45 a factor of 450?
True
Is 9 a factor of 1071?
True
Is 141 a multiple of 6?
False
Does 20 divide 4388?
False
Does 7 divide 275?
False
Does 4 divide 35?
False
Does 20 divide 14963?
False
Is 109 a factor of 545?
True
Is 42 a factor of 245?
False
Does 4 divide 2393?
False
Is 10 a factor of 530?
True
Does 16 divide 12441?
False
Is 26 a factor of 30198?
False
Does 6 divide 12601?
False
Is 41 a factor of 97?
False
Is 61 a multiple of 44?
False
Is 95 a factor of 5574?
False
Is 238 a factor of 1222?
False
Does 20 divide 3080?
True
Is 8 a factor of 784?
True
Is 2970 a multiple of 18?
True
Is 19 a factor of 216?
False
Is 25 a factor of 475?
True
Is 1330 a multiple of 14?
True
Is 291 a multiple of 27?
False
Is 28 a factor of 84840?
True
Is 240 a multiple of 20?
True
Does 39 divide 10569?
True
Does 4 divide 80?
True
Is 41 a factor of 840?
False
Is 11166 a multiple of 18?
False
Does 17 divide 5220?
False
Is 49 a factor of 7239?
False
Is 20 a factor of 16376?
False
Does 16 divide 2810?
False
Is 15 a factor of 3444?
False
Is 31 a factor of 15290?
False
Is 173 a factor of 17325?
False
Does 16 divide 262?
False
Does 37 divide 21873?
False
Does 15 divide 668?
False
Is 19 a factor of 21871?
False
Is 41350 a multiple of 124?
False
Is 402 a multiple of 67?
True
Does 7 divide 3206?
True
Is 49742 a multiple of 223?
False
Does 17 divide 2499?
True
Is 420 a multiple of 6?
True
Is 2332 a multiple of 11?
True
Is 3334 a multiple of 13?
False
Does 14 divide 6251?
False
Is 1581 a multiple of 17?
True
Is 46 a factor of 52624?
True
Is 81 a factor of 3159?
True
Is 1067 a multiple of 11?
True
Is 7386 a multiple of 203?
False
Is 38480 a multiple of 247?
False
Is 28 a multiple of 16?
False
Does 6 divide 1054?
False
Is 19840 a multiple of 64?
True
Is 2425 a multiple of 3?
False
Does 53 divide 29187?
False
Is 12 a factor of 1980?
True
Does 42 divide 210?
True
Is 14 a factor of 35829?
False
Is 27362 even?
True
Is 823 a multiple of 5?
False
Is 97 a factor of 11737?
True
Is 16 a factor of 5216?
True
Is 168599 a multiple of 92?
False
Does 33 divide 264?
True
Does 17 divide 55368?
False
Is 6461 a multiple of 91?
True
Is 12 a factor of 140465?
False
Does 22 divide 2408?
False
Is 701 a multiple of 123?
False
Does 222 divide 22200?
True
Is 5250 a multiple of 50?
True
Is 744 a multiple of 93?
True
Is 135 a factor of 13942?
False
Does 4 divide 263?
False
Does 29 divide 2175?
True
Does 5 divide 2500?
True
Is 14 a factor of 2618?
True
Does 2 divide 5623?
False
Is 42 a factor of 24486?
True
Is 15 a factor of 524?
False
Is 5829 a multiple of 16?
False
Does 14 divide 504?
True
Does 20 divide 1200?
True
Does 5 divide 255?
True
Does 62 divide 14880?
True
Is 1064 a multiple of 28?
True
Is 148 a factor of 30340?
True
Is 17 a factor of 1989?
True
Does 23 divide 3832?
False
Is 3175 a multiple of 5?
True
Does 8 divide 1089?
False
Does 98 divide 3724?
True
Is 10 a factor of 7140?
True
Is 24265 a multiple of 115?
True
Is 23 a factor of 736?
True
Is 48 a factor of 3541?
False
Is 15 a factor of 243?
False
Is 4 a factor of 2980?
True
Is 91740 a multiple of 66?
True
Is 1056 a multiple of 48?
True
Is 392 a multiple of 98?
True
Is 44 a factor of 528?
True
Is 21764 a multiple of 9?
False
Is 6 a factor of 575?
False
Does 36 divide 576?
True
Does 105 divide 10290?
True
Does 30 divide 1292?
False
Is 37 a factor of 638?
False
Is 56 a factor of 102?
False
Is 533 a multiple of 13?
True
Is 3055 a multiple of 13?
True
Does 10 divide 2967?
False
Does 8 divide 217?
False
Does 32 divide 11072?
True
Is 6 a factor of 7260?
True
Is 129 a factor of 1826?
False
Does 19 divide 3306?
True
Is 1330 a multiple of 115?
False
Is 41310 a multiple of 18?
True
Does 39 divide 8073?
True
Is 161 a factor of 37129?
False
Is 113 a multiple of 3?
False
Is 10 a factor of 1550?
True
Is 9 a factor of 1179?
True
Is 36 a factor of 46908?
True
Does 8 divide 140816?
True
Is 18 a factor of 4374?
True
Does 26 divide 5486?
True
Is 37903 a multiple of 17?
False
Is 14 a factor of 872?
False
Is 65 a factor of 1430?
True
Is 497 a multiple of 4?
False
Is 64 a factor of 2351?
False
Is 5 a factor of 15100?
True
Is 18 a multiple of 18?
True
Is 13041 a multiple of 81?
True
Is 180 a multiple of 10?
True
Does 8 divide 41360?
True
Is 21 a factor of 693?
True
Does 18 divide 738?
True
Does 11 divide 370?
False
Does 31 divide 6293?
True
Is 1110 a multiple of 15?
True
Is 189 a factor of 73332?
True
Is 4 a factor of 462?
False
Does 6 divide 2754?
True
Is 312 a multiple of 2?
True
Is 257 a multiple of 11?
False
Does 15 divide 1197?
False
Does 31 divide 61132?
True
Does 6 divide 54?
True
Is 22 a factor of 1628?
True
Is 22 a factor of 132?
True
Is 68 a factor of 1292?
True
Does 5 divide 1930?
True
Is 626 a multiple of 14?
False
Is 42 a factor of 5124?
True
Does 27 divide 231?
False
Does 312 divide 137904?
True
Is 4864 a multiple of 25?
False
Does 12 divide 204?
True
Is 27 a factor of 616?
False
Is 1782 a multiple of 11?
True
Is 852 a multiple of 4?
True
Does 62 divide 9376?
False
Is 5250 a multiple of 75?
True
Does 6 divide 6938?
False
Is 4603 a multiple of 153?
False
Is 81 a factor of 1336?
False
Is 23 a factor of 466?
False
Does 84 di